) - 4*w(f). Let t(o) = -5*a(o) - 6*g(o). What is t(-3)?
2
Let n(q) be the first derivative of -q**4/2 - 44*q**3/3 + 7*q**2/2 + 149*q - 5485. What is n(-22)?
-5
Let z(d) = -2*d**2 - 2*d - d + 6*d - 5*d + 1 - 2. Let c = -26 + 24. Determine z(c).
-5
Let i(t) = -t**3 + 7*t**2 - 3*t - 10. Suppose -8*g + 26*g - 344 = -25*g. Determine i(g).
-98
Let j(c) be the second derivative of -5*c**3/6 + 6*c**2 - 1192*c. What is j(-6)?
42
Let v(u) = -6*u**2 + u + 6. Let z(j) = j**2 - 1. Suppose -r = 4*o - 4, -o - 4*o + 10 = 0. Let s(t) = r*z(t) - v(t). Give s(-3).
19
Let c(a) = 5*a + 73. Let m = -6741 + 6730. What is c(m)?
18
Suppose -4*u + 3 = 19. Let s(k) be the third derivative of k**4/8 - k**3/2 + 1476*k**2 + k + 1. What is s(u)?
-15
Let w(f) = 1983*f**2 + f**3 + 1969*f**2 + 9 + 1979*f**2 - 4*f - 5922*f**2 - 5*f. Suppose -2*d - 15 = h, -3*d + 0 = 3*h + 15. Determine w(d).
-1
Let r(h) = -24*h**2 + 3*h - 2. Suppose -3*q + 7464 - 7461 = 0. Determine r(q).
-23
Suppose 26*j = -67 + 174 - 55. Suppose -4*p + 10 = p. Let t(s) = 6*s**p + 8*s + 9*s**j - 13*s + 7*s - 1. Calculate t(1).
16
Let x(t) be the second derivative of 4*t**4/3 - t**3/3 + t**2/2 - t. Let v = -8 - -9. Determine x(v).
15
Let a(n) = -3*n + 3. Suppose 0 = -5*l - 2*l + 56. Suppose l + 56 = 16*x. Give a(x).
-9
Let r(v) = -37*v**3 - 5*v**2 + 3*v - 2. Let h(s) = 52*s**3 + 7*s**2 - 5*s + 3. Let k(q) = -5*h(q) - 7*r(q). Let o be (-13)/(-4) + 10/(-40). Give k(o).
-16
Suppose -t - 11*n = -8*n - 25, -t + 10*n - 40 = 0. Let l(p) = p**3 - 8*p**2 - 14*p + 21. Calculate l(t).
81
Suppose 0 = -z + 3, 49*z - 54*z + 11 = 2*q. Let r(y) = -6*y**3 - 5*y**2 - 5*y. Determine r(q).
38
Let l(t) = 2*t - 82. Let c be l(45). Let f(p) = -p**3 + c + 2*p**2 - 2 + 33*p - 5 - 38*p + 2. Calculate f(2).
-7
Let i(p) = 74*p + 9. Let c(t) = -41*t - 5. Let h(z) = -11*c(z) - 6*i(z). Let w be 1/3 + 14/(-6). Give h(w).
-13
Let m(v) = 20*v - 9 + 17*v - 44*v + 11*v. Determine m(11).
35
Let l(k) = -k**2 + 12. Let q(g) = 2*g + 20. Let p be q(-5). Suppose p*u = 22*u. What is l(u)?
12
Let t(m) be the second derivative of m**5/120 + m**3/3 - m. Let w(y) be the second derivative of t(y). Let p be (5/((-280)/16))/((-2)/(-28)) + 8. Give w(p).
4
Let j(a) = -a**3 + 6*a**2 - 3*a. Let g = 460 - 442. Suppose 2*f + 6 = 0, 4*f = 4*d - d - g. Calculate j(d).
10
Suppose 3*m - 4*k = -3, 24*m + 2*k - 47 = 19*m. Let q(j) = -32*j + 226. Determine q(m).
2
Let u(f) = -35*f - 15. Let l(t) = 531*t + 228. Let s(k) = -6*l(k) - 91*u(k). Let o = -32 + 22. Calculate s(o).
7
Let v(h) = -33*h**2 - 239 - 43*h**2 + h + 81*h**2 + 250. Determine v(-3).
53
Let s(r) = 3*r**3 + 3*r**2 - r - 7. Let n be s(3). Let f(m) = 46 - n + m + 47. Calculate f(10).
5
Let w(x) = -3*x + 1 + 0*x**2 + 2 - 2*x**2. Suppose -318 = 750*b + 3432. Calculate w(b).
-32
Let t(o) be the second derivative of -1/3*o**3 - 1/20*o**5 - o**2 + 0 - 1/4*o**4 + 8*o. Suppose 5*j - q + 14 = j, -j = q + 1. Give t(j).
4
Let g = 18485/4 + -4621. Let l(j) be the first derivative of -4*j - 3/2*j**2 + 0*j**3 + g*j**4 + 29. What is l(3)?
14
Let l(i) = 11*i**3 + 3*i + 1. Let g = -2636 - -2634. Determine l(g).
-93
Suppose -3*k = 3, -b = -0*b - 4*k - 9. Suppose 5*u + 15 = b*t, -t + u + 13 = 5*u. Let q(x) = x**2 - 8*x + 4. Calculate q(t).
-11
Suppose 10*n - 15 = 8*n - 5*p, -3*p = 3*n. Let m(i) be the first derivative of -1/3*i**3 + 4*i - 2 - i**2. Calculate m(n).
-11
Suppose -14*g + 340 = 81*g - 10*g. Let o(l) = -22*l + 82. What is o(g)?
-6
Let o(n) = n**2 - n - 1. Let y(x) = x**3 + 16*x**2 - 14*x + 51. Let t be y(-17). Suppose 3*d - 4*h = -23, t = -2*d + 2*h + 3 - 15. Determine o(d).
1
Let a = 11069 - 11064. Let i(o) be the first derivative of a + 1/2*o**2 + 4*o. Calculate i(-2).
2
Let n(k) = -438 + k + 482 - 10. What is n(22)?
56
Let y(a) = -250*a - 128 - 88 + 223*a. What is y(-8)?
0
Let v(o) be the third derivative of -o**5/60 - 13*o**4/24 - o**3/6 - o**2. Let s(m) = -4*m**3 - 117*m**2 - 30*m - 40. Let r be s(-29). Calculate v(r).
21
Suppose 0*k + 34 = -5*k + 2*m, 3*k + 8 = -5*m. Let g be 14/k*(-7 + 4). Suppose -g*x - 35 = -0*x. Let r(b) = -b - 8. What is r(x)?
-3
Let f(x) = -13*x - 327. Let l(a) = 38*a + 929. Let g(z) = -17*f(z) - 6*l(z). Calculate g(-4).
13
Let t be (-5)/(-1)*(1 + 0). Let i(w) be the first derivative of 2/3*w**3 - 24 - w - 7/2*w**2. Give i(t).
14
Let q(i) = -i**3 + 3*i - 19. Let z be (-5)/3 + -21*(-110)/1386. Give q(z).
-19
Suppose -78*k + 104*k - 26 = 0. Let y(a) = 35*a**2 + 2*a - 3. Give y(k).
34
Let g(h) = -h**3 + 5*h**2 + 2*h - 2. Let j(a) = a**3 - 12*a**2 + 12*a + 85. Let b be j(4). What is g(b)?
8
Suppose -2*f + 3*f - 11 = 0. Let w = f - 6. Let j(n) = -n**2 + 3*n + 36 + 2*n - 40. Calculate j(w).
-4
Let v(u) = 6*u + 2. Let a(o) = o + 33. Let k be a(-17). Suppose 2*j = 4*m + k, -4*m - 16 = 4*j + j. Calculate v(m).
-22
Suppose -3*a + 0*x + 3*x - 18 = 0, -3*a - x - 34 = 0. Let s(j) be the third derivative of j**4/24 + j**3 + 2*j**2 - 248*j. What is s(a)?
-4
Let t(s) = s - 4. Let i be 20/(-8) - -1 - 84/24. Calculate t(i).
-9
Let z be (-36)/15 - 12/(-30). Let q be 2 + 3/((-3)/z). Let n(g) = 6*g - 3*g + g**2 + 7 - q*g. Give n(0).
7
Let z(x) = -x**2 - 6*x + 2. Let o = 347 + -321. Suppose -31*y - 30 = -o*y. Calculate z(y).
2
Let i(m) = m**2 - 2*m - 14. Let r be i(-6). Let u(d) be the first derivative of r - 2*d**2 - 2 + 3*d**2 - 2*d - 4. Give u(-6).
-14
Let w(k) be the third derivative of 0*k - 1/60*k**5 + 1/2*k**3 - 3*k**2 + 24 - 1/3*k**4. What is w(-7)?
10
Let w = 81 - 58. Suppose -3*o = -2*f - w, 3*o + 4*f - 17 = -0*f. Let s(r) = r**2 - 8*r - 2*r + 3*r - o + r. Calculate s(6).
-7
Let w(t) = -10 + 8 + 1 - t - 5. Suppose 12*i + 9*i + 54 = 30*i. Determine w(i).
-12
Let q(g) = g**3 + g**2 - 3. Suppose -3*u + 5*c = 3*c - 460, 0 = -5*u - 4*c + 752. Let z = u - 155. Determine q(z).
-21
Let y(z) = 20*z + 48. Let o(t) = -t - 13. Let w(s) = -3*o(s) - y(s). What is w(-1)?
8
Let j(s) = 1702 - 3381 + s**2 + 1737 - 15*s. Calculate j(13).
32
Let r = 8041 + -8040. Let d(v) = 53*v**3 - v**2 + 6*v - 4. Calculate d(r).
54
Let h(z) = 3*z - 36. Suppose -4*r = 3*s - 56, -23*s = -18*s - 20. Give h(r).
-3
Let u(q) = -8*q + q**3 + 2538*q**2 - 3 - 11 - 2545*q**2. Calculate u(8).
-14
Suppose -28*o + 3*h = -29*o + 9, -2*o + 5*h = 26. Let l(q) = -2*q**2 + 3 + 3 - 2*q - 2. Determine l(o).
-8
Let d(k) = k**3 + 3*k**2 - 5*k - 6. Suppose 18*v + 70 = 104*v + 414. Give d(v).
-2
Let z(r) = -7*r - 2. Let f be 2 - 9 - -5 - (12 - 2). Let d be f/(-22) + 112/(-44). Calculate z(d).
12
Let g(k) = 6*k + 57. Let f be (1 - -4) + -2 + -12. Let r be g(f). Let x(h) = -2549*h + h**r + 5 - 2*h**2 + 6*h**2 + 2552*h. Give x(-4).
-7
Suppose -5*h + 8 = -3*h. Let u(x) = x - 1 - 4 + 4*x + h. Let m be (-4)/(-26) - (-33)/39. Give u(m).
4
Let t(b) = b**3 - b + 2. Let q = -77 + 91. Let j(y) = 8*y - 109. Let o be j(q). Calculate t(o).
26
Let c(y) = 42*y + 8. Let d(u) = 17*u + 3. Let t(o) = 7*c(o) - 18*d(o). Determine t(-2).
26
Let n(b) = 8*b**3 - 2*b**2 + b. Let w be n(1). Suppose -589 = o - 632. Let j(i) = 70*i - o*i - 6 - 26*i. Determine j(w).
1
Let a(c) be the first derivative of c**4/4 - 19*c**3/3 + 19*c**2/2 - 26*c - 50. Let f be a(18). Let b(v) = v - 4. Calculate b(f).
-12
Suppose 5*x + 75 = 5*y, y - 8 - 32 = -4*x. Let u(v) = -v**2 + 18*v + 20. Calculate u(y).
-20
Let o(b) = 2*b**3 - 2*b**2 - 8*b - 7. Let l be o(-5). Let i = -258 - l. Let m(k) = -k**3 + 10*k**2 - 9*k - 4. Give m(i).
-4
Let j(w) = -6 - 19*w - 23 - 6. Let a be j(-7). Let p(m) = 2*m**2 + 8*m**2 - m**2 + m**3 - 95 + a. Calculate p(-9).
3
Let l(b) = 3*b**2 + 23*b + 26. Let k(o) = 11*o**2 + 83*o + 103. Let z(t) = -4*k(t) + 15*l(t). Give z(-12).
-34
Suppose 2*u - 1728 - 417 = -m, -2*m + 10 = 0. Let d(y) = -2*y**3 + 3 - u*y**2 + y + 1068*y**2 - 4. Give d(-2).
5
Let f(w) = -3*w**2 + 13*w + 20. Let y(z) = z**2 + 23*z - 102. Let n be y(-27). Let b be f(n). Let d(h) = -h**2 - 8*h + 14. Give d(b).
-6
Let k(y) = -y. Let p(z) = z. Let f = -8 - -5. Let c(n) = f*k(n) - 5*p(n). Let i be 10/50 - (-210)/(-50). Calculate c(i).
8
Let o = 77 - 54. Let c(r) = -o*r + 1 - r**2 + 3*r + 14*r. Calculate c(-7).
-6
Suppose -5*x - 2*g + 46 = 0, -g + 1 + 10 = x. Let q be (4/(-4) + 4/x)*26. Let z(a) = -a**3 - 13*a**2 + 5. Calculate z(q).
5
Let o(l) = 80*l - 15. Let c(r) = 135*r - 28. Let x(v) = 3*c(v) - 5*o(v). Give x(-8).
